j?
8
Let j = 1 - 4. Let v(m) = -7*m - 10. What is the tens digit of v(j)?
1
What is the units digit of (5 + -20)/((-25)/90)?
4
Suppose 0 = 89*s + 12277 - 241363. What is the thousands digit of s?
2
Let q(y) = 3*y - 9. Let j = 56 + -36. Let o be (156/(-65))/((-6)/j). What is the tens digit of q(o)?
1
Suppose -4*v = 3*h - 0 - 28, -4*h + 28 = 3*v. Suppose -3*g = h*i - 27, -g - 2*i + 10 + 1 = 0. Suppose g*m - 56 = 29. What is the units digit of m?
7
Let c(v) = 104*v - 50. What is the hundreds digit of c(3)?
2
Suppose -39*d = -48*d + 28467. What is the hundreds digit of d?
1
Let p be 51/(((-30)/(-25))/6). Suppose p = 5*k - 4*w, -13 = 5*w + 12. What is the units digit of k?
7
What is the tens digit of -3*(-13)/((-117)/(-4380))?
6
Let s be 0 - (3 - 1) - -19. Let u = 48 - s. Suppose 4*t = u + 49. What is the tens digit of t?
2
Suppose 5*o = -2*m - 2*m, -3*m + 11 = o. Suppose -m*l - 2 + 12 = 0. Suppose 3*p + l = 38. What is the units digit of p?
2
Suppose r + 5*c = 367, -5*c = 2 - 17. What is the tens digit of r?
5
Let v(f) = 4*f**3 - 2*f**2 + 3*f - 2. Let l be v(1). Suppose 216 = 5*t + 2*j + 28, -3*j = l. What is the tens digit of t?
3
Suppose 0 = 38*p - 55*p + 20910. What is the units digit of p?
0
Let m(y) = y**2 + 9*y + 3. Let h(o) = -4*o + 15. Let j be h(6). What is the units digit of m(j)?
3
Suppose -3*p - 585 = -2*a + 133, 2*p - 1077 = -3*a. What is the units digit of a?
9
What is the tens digit of 22/(-88) + (-1587)/(-12)?
3
Let a(s) = -s**3 - 4*s**2 - 5*s - 2. Let f be a(-3). Suppose 0 = 6*m - f*m - 60. Let t = m + -17. What is the tens digit of t?
1
Suppose 6*k - 82*k + 339492 = 0. What is the units digit of k?
7
What is the tens digit of (420/(-9))/(19/(-342))?
4
Let u = -22 - -22. Suppose -2*b + t + 2*t + 7 = 0, u = -3*b + 4*t + 10. Suppose -b*o = 3*o - 365. What is the units digit of o?
3
Let h(v) = -v**3 - 13*v**2 - v + 1. Let j(f) = -f**3 - 3*f**2 + 4*f - 1. Let x be j(-3). Let c be h(x). What is the units digit of (72/c)/(3/21)?
6
Suppose -5*q = f + 3354 - 9114, -q + 1148 = f. What is the hundreds digit of q?
1
Let t(u) = -u**2 - 9*u - 3. Let o be t(-8). Suppose -131 + 403 = 4*a. Suppose -4*d + g + 109 = 0, -a = -o*d + 2*d - 2*g. What is the tens digit of d?
2
Suppose -4*i + 20213 = c, -14*i + c = -16*i + 10105. What is the units digit of i?
4
Suppose -2*l = 3*b - 7*b - 36, -4*l + 3*b = -47. Let h be (1 + 0)*0/(-3). What is the units digit of (12/l - h)*4?
6
Let t(x) = -x**2 - 3*x + 5. Let g be t(-5). Suppose -28*a + 1998 = 9*a. Let k = a + g. What is the tens digit of k?
4
What is the units digit of 383 + ((-2)/(-6))/((-6)/90)?
8
Suppose 3*t = -t. Let b(s) = -7*s - 73. Let y be b(-11). Suppose -2*d = -4*l + 3*l - 111, t = 2*d + y*l - 126. What is the tens digit of d?
5
Let z(c) = -88 + c**2 + 13*c**2 - 10*c - 3*c**3 + 72 + 4*c**3. What is the tens digit of z(-14)?
2
Suppose 4*z = -3*b - 2, 3 = 3*b + 2*z + 7. Let w(j) = -9*j**3 + j**2 - 3*j - 2. What is the units digit of w(b)?
0
Let l(u) = -16*u + 16. What is the units digit of l(-25)?
6
Suppose 2*x - 13 = 3*x. Let r(l) = l**3 + 7*l**2 - 2*l - 1. Let b(q) = -q**2 + 1. Let m(f) = -6*b(f) + r(f). What is the tens digit of m(x)?
1
Suppose 0 = -3*s - t + 23, 3*s - 4 = -s + 4*t. Let a = s - 2. Suppose -4*q - 36 - 46 = -2*u, a*q = -4*u + 104. What is the tens digit of u?
3
What is the hundreds digit of (313/2)/((-3)/(0 - 36))?
8
Let v = 22 - 20. Suppose 0*l - 186 = -v*l. What is the units digit of l?
3
Let b(d) = -d**3 - 5*d**2 + 5*d - 2. Let i be b(-6). Let h(g) = 0 + 3*g + 1 + g + i*g. What is the tens digit of h(3)?
2
Suppose -j + h + 2*h + 6 = 0, -4*j = -3*h - 6. Suppose o - 5*t - 222 = 0, -2*t - 468 = -2*o - j*o. What is the hundreds digit of o?
2
Let r(l) = l + 9 - 3*l**2 - l**3 + 8*l - 3*l. Suppose 44 = -4*t + 20. What is the tens digit of r(t)?
8
Let a(o) = -10*o + 4. Let x be a(-6). Suppose 11*f - x = 10*f. What is the units digit of f?
4
Suppose 6 = 3*l + 3*z, z + 2*z - 2 = l. Let i = l - -32. Let w = -12 + i. What is the tens digit of w?
2
Suppose -4*v + 4*n = -164, -4*n - 63 - 138 = -5*v. Suppose o + 3 = v. What is the tens digit of o?
3
What is the hundreds digit of -4 + 2462/4 - 6/(-4)?
6
Let k(j) = 3*j**2 + 6*j + 13. What is the hundreds digit of k(9)?
3
Suppose -3*v + 3*i + 5019 = 0, -3*v = 2*v - i - 8361. What is the tens digit of v?
7
Let t(d) = d**3 - 4*d**2 - 3*d. Let n(f) = -f**2 + 9*f - 9. Let k be n(7). Let h be t(k). What is the units digit of (-5 - 0)*(-12)/h?
6
What is the units digit of (-52 + 0)/((-2)/9)?
4
Suppose 5*v + r - 3 - 10 = 0, 4*v = -r + 10. Let q(t) = -t + t**2 - 4*t**3 + t**3 + 5*t**3 - 3*t**v + 14. What is the tens digit of q(0)?
1
Let x(v) = -2*v + 14. Let h be x(7). Let o(c) = -2*c + 28. Let l be o(h). Let j = 29 + l. What is the tens digit of j?
5
What is the thousands digit of 2163*1 - (22 - 15)?
2
Let l(m) = -4*m**2 + 6*m**3 - 5*m**3 + 2*m + m**2 - 1. Let p be l(2). What is the tens digit of (1 + -3)/(p/7)?
1
Let v = 428 + 119. What is the units digit of v?
7
Suppose o = -4*s + 1266, 4*s - 6*o + 4*o = 1260. Let h be (-4)/(-7) + s/(-14). Let a = h + 44. What is the units digit of a?
2
Let k(b) = -22*b**3 - 7*b**2 - 16*b - 7. What is the tens digit of k(-4)?
5
Let n(m) = 5*m**3 + m**2 - m + 209. What is the hundreds digit of n(0)?
2
Suppose 2*j = -4*f + 3 - 17, -3*f = -4*j + 16. Let c be -4 - (2 - 3)*j. What is the tens digit of c*3*20/(-12)?
1
Let j be ((-32)/3)/((-22)/165). Suppose -2*m + 180 = 3*m. Let b = j - m. What is the units digit of b?
4
Suppose -36*z + 28*z + 5224 = 0. What is the units digit of z?
3
Let x be (-6)/18*3*-1. Let z be (-336)/(-8) - (-2 + x). Let y = z - 10. What is the units digit of y?
3
Let z = -4 - -6. Suppose n - 4 - 1 = 0. Suppose -n*k = -h - 10, 5*h - z*k = k + 38. What is the units digit of h?
0
Let v = 146 - 70. Suppose -v = -x + 19. What is the tens digit of x?
9
Suppose -2*h + 2 = -0. Let d = h - -2. Suppose 4*p - 6 = d*p. What is the units digit of p?
6
Let k = -24 + 29. Suppose 539 + 502 = 5*i - 3*w, 4*i + k*w - 818 = 0. What is the hundreds digit of i?
2
Let y(v) = -41*v - 46. Let a(r) = -r**3 + 7*r**2 - 6*r - 5. Let q be a(6). What is the hundreds digit of y(q)?
1
Let h(s) be the first derivative of 4 + s + s + s + s**2 - 15*s. What is the tens digit of h(11)?
1
Suppose 3*m = -12, 3*m = -2*b + 6*b - 556. Let x = 104 - 99. Suppose 0 = -x*l + l + b. What is the tens digit of l?
3
Suppose 3*q - 5*y - 22 = 0, -2*q = -0*q - 2*y - 12. Suppose 0*m - 5*g = m - 98, 0 = -q*m - 4*g + 312. What is the tens digit of m?
7
Suppose -2*b = -4*j - j + 54, -j - 5*b + 27 = 0. Let n = -11 + 16. Suppose -5*a = -n, y - 40 - j = -2*a. What is the tens digit of y?
5
Let o(c) = c**2 + 3*c + 1. What is the tens digit of o(-18)?
7
Suppose -3*a + 16 - 16 = 0. Suppose -11*l + 7*l + 484 = a. What is the units digit of l?
1
Suppose 2*i - 245 = 83. Suppose -4*w + i = 20. What is the units digit of w?
6
Suppose 0 = -2*i - 589 + 1441. What is the units digit of i?
6
Suppose 0 = 3*z - 206 - 4414. Let y be z/25 + (-4)/(-10). Suppose 3*t + 4*q - 63 = -0*q, -y = -4*t + 2*q. What is the tens digit of t?
1
Suppose -33*n + 34248 = -9*n. What is the thousands digit of n?
1
Let s = -1786 + 3510. What is the tens digit of s?
2
Let z(y) = 3*y - 5. Let f be z(5). Let i = 31 - f. What is the tens digit of i?
2
Let o(c) = -4*c**3 - 3*c**2 - 2*c - 5. Let g be o(-7). Suppose 5*w = t + g, 3*w + 4*t - 372 = 350. Suppose 3*a + w = 9*a. What is the tens digit of a?
4
Let x(j) = 92*j**2 - 3*j - 21. What is the units digit of x(5)?
4
Suppose -4*y = -18 + 6. Suppose -y*f - k = -14, -14 = -2*f - 2*k + 2. Suppose 0 = f*c - 5*t - 13, c + 1 = 6*c + 2*t. What is the units digit of c?
1
Let l(q) = 10*q**3 - q**2 - 7*q. What is the hundreds digit of l(3)?
2
Let f(n) = 176*n**2 + 6*n - 14. What is the tens digit of f(2)?
0
Let m(q) = q**2 + 22*q - 47. What is the hundreds digit of m(-39)?
6
Suppose 3*s = 2*s. Suppose 19*x - 14*x = s. Suppose 0 = 3*j - 5 - 1, 5*f + 5*j - 355 = x. What is the units digit of f?
9
Suppose -u + p = 3*u - 15, 0 = -3*u - p + 6. Suppose -u*r + 11 = -4. Suppose 0*f = r*f - 110. What is the units digit of f?
2
Suppose 5212 = 4*m - l, -1969 = -3*m + 3*l + 1940. What is the hundreds digit of m?
3
Suppose -19*y + 16248 = -15634. What is the units di